{"id":6955,"date":"2023-03-21T15:13:00","date_gmt":"2023-03-21T14:13:00","guid":{"rendered":"https:\/\/a1.com\/?post_type=project-type&#038;p=6955"},"modified":"2025-12-16T12:22:24","modified_gmt":"2025-12-16T11:22:24","slug":"menschenrechte","status":"publish","type":"project-type","link":"https:\/\/a1.com\/de\/project\/menschenrechte\/","title":{"rendered":"Menschenrechte"},"content":{"rendered":"\n<div class=\"block-hero-image block-hero-image__size--large\">\n\t<div class=\"image-wrap block-hero-image__image-wrap\" data-align=\"top center\">\n\n\t\t\t<div\n\t\t\tstyle=\"background-image:url(https:\/\/a1.com\/wp-content\/uploads\/sites\/6\/2023\/07\/JOSEF00675-scaled.jpg)\"\n\t\t\tclass=\"image image--bg image__rounded-corners--none block-hero-image__image\">\n\t\t<\/div>\n\t\n\t<\/div><\/div>\n\n\n<div\n\tclass=\"wrapper wrapper__bg-color--white wrapper__spacing-top-large--50 wrapper__spacing-bottom-large--40       wrapper__border-color-large--primary wrapper__border-size-large--none\"\n\t>\n\n\t\n\t\t\t<div class=\"wrapper__container wrapper__container-width-large--default wrapper__gutter-desktop--default wrapper__gutter-tablet--small\">\n\t\t\t<div class=\"wrapper__inner wrapper__width-large--10 wrapper__offset-large--1\">\n\t\t\t\t<div class='block-breadcrumbs'><a href='https:\/\/a1.com\/de\/' class='block-breadcrumbs__home' aria-label='Home link'><\/a><span><a class=\"block-breadcrumbs__link\" href=\" https:\/\/a1.com\/de\/ \">Home<\/a><\/span><\/div>\t\t\t<\/div>\n\t\t<\/div>\n\t<\/div>\n\n\n<div\n\tclass=\"wrapper wrapper__bg-color--white  wrapper__spacing-bottom-large--40       wrapper__border-color-large--primary wrapper__border-size-large--none\"\n\t>\n\n\t\n\t\t\t<div class=\"wrapper__container wrapper__container-width-large--default wrapper__gutter-desktop--default wrapper__gutter-tablet--small\">\n\t\t\t<div class=\"wrapper__inner wrapper__width-large--10 wrapper__offset-large--1\">\n\t\t\t\t<h2 class=\"heading heading__color--black heading__size--large heading__align--left heading__font-family--serif heading__font-weight--bold block-heading__heading\">\n\t<strong><strong><strong>Menschenrechte<\/strong><\/strong><\/strong><\/h2>\t\t\t<\/div>\n\t\t<\/div>\n\t<\/div>\n\n\n<div\n\tclass=\"wrapper wrapper__bg-color--white  wrapper__spacing-bottom-large--40  wrapper__spacing-bottom-in-large--120     wrapper__border-color-large--primary wrapper__border-size-large--none\"\n\t>\n\n\t\n\t\t\t<div class=\"wrapper__container wrapper__container-width-large--default wrapper__gutter-desktop--default wrapper__gutter-tablet--small\">\n\t\t\t<div class=\"wrapper__inner wrapper__width-large--8 wrapper__offset-large--1\">\n\t\t\t\t<p class=\"paragraph paragraph__color--black paragraph__size--default paragraph__align--left paragraph__font-family--sans block-paragraph__paragraph\">\n\tMit dem Beitritt zum UN Global Compact verpflichtet sich die A1 Group zur Umsetzung grundlegender Anforderungen in den Bereichen Menschenrechte, Arbeit, Umwelt und Korruptionsbek\u00e4mpfung. Dieses Bekenntnis wurde unter anderem durch die Aufnahme in die Gesch\u00e4ftsbedingungen der \u00f6sterreichischen Tochtergesellschaft anerkannt. In einigen L\u00e4ndern, in denen die A1 Group t\u00e4tig ist, kann es aufgrund nationaler Gesetze schwierig sein, die absolute Einhaltung der Menschenrechte zu gew\u00e4hrleisten. Wo nationales Recht vom Bekenntnis der A1 Group zu den Menschenrechten abweicht und einen niedrigeren Standard vorgibt, ist die Gruppe stets bem\u00fcht, den h\u00f6heren Standard zu erreichen, wobei das Wohlergehen der Mitarbeiter:Innen oberste Priorit\u00e4t hat. Im Konfliktfall wendet die A1 Group nationales Recht an und versucht gleichzeitig, der Verpflichtung zur Achtung der Menschenrechte so weit wie m\u00f6glich nachzukommen.<br>\u00a0<br>Menschenrechtsbeschwerden k\u00f6nnen \u00fcber die Compliance-Whistleblowing-Plattform \u201e<a href=\"https:\/\/www.bkms-system.net\/bkwebanon\/report\/clientInfo?cin=20teleau21&amp;c=-1&amp;language=ger\" target=\"_blank\" rel=\"noreferrer noopener\">tell.me Portal<\/a>\u201c\u2013 wenn gew\u00fcnscht auch anonym \u2013 eingereicht werden und werden im Rahmen von Compliance-Prozessen sorgf\u00e4ltig bearbeitet.<br><br>Lesen Sie mehr dazu in unserer <a href=\"https:\/\/a1.com\/wp-content\/uploads\/sites\/6\/2025\/09\/Human-Rights-Policy_August-2025-EN.pdf\" target=\"_blank\" rel=\"noreferrer noopener\">Human Rights Policy<\/a>.<\/p>\t\t\t<\/div>\n\t\t<\/div>\n\t<\/div>\n","protected":false},"excerpt":{"rendered":"","protected":false},"author":3,"featured_media":6537,"template":"","categories":[21],"departments":[19],"provinces":[],"postcodes":[],"class_list":["post-6955","project-type","type-project-type","status-publish","has-post-thumbnail","hentry","category-governance-2","department-esg"],"acf":[],"yoast_head":"<!-- This site is optimized with the Yoast SEO plugin v27.4 - https:\/\/yoast.com\/product\/yoast-seo-wordpress\/ -->\n<title>Menschenrechte - A1 Group<\/title>\n<meta name=\"robots\" content=\"index, follow, max-snippet:-1, max-image-preview:large, max-video-preview:-1\" \/>\n<link rel=\"canonical\" href=\"https:\/\/a1.com\/de\/project\/menschenrechte\/\" \/>\n<meta property=\"og:locale\" content=\"de_DE\" \/>\n<meta property=\"og:type\" content=\"article\" \/>\n<meta property=\"og:title\" content=\"Menschenrechte - A1 Group\" \/>\n<meta property=\"og:url\" content=\"https:\/\/a1.com\/de\/project\/menschenrechte\/\" \/>\n<meta property=\"og:site_name\" content=\"A1 Group\" \/>\n<meta property=\"article:modified_time\" content=\"2025-12-16T11:22:24+00:00\" \/>\n<meta property=\"og:image\" content=\"https:\/\/a1.com\/wp-content\/uploads\/sites\/6\/2023\/07\/image023.png\" \/>\n\t<meta property=\"og:image:width\" content=\"479\" \/>\n\t<meta property=\"og:image:height\" content=\"319\" \/>\n\t<meta property=\"og:image:type\" content=\"image\/png\" \/>\n<meta name=\"twitter:card\" content=\"summary_large_image\" \/>\n<meta name=\"twitter:label1\" content=\"Est. reading time\" \/>\n\t<meta name=\"twitter:data1\" content=\"1 minute\" \/>\n<script type=\"application\/ld+json\" class=\"yoast-schema-graph\">{\"@context\":\"https:\\\/\\\/schema.org\",\"@graph\":[{\"@type\":\"WebPage\",\"@id\":\"https:\\\/\\\/a1.com\\\/de\\\/project\\\/menschenrechte\\\/\",\"url\":\"https:\\\/\\\/a1.com\\\/de\\\/project\\\/menschenrechte\\\/\",\"name\":\"Menschenrechte - A1 Group\",\"isPartOf\":{\"@id\":\"https:\\\/\\\/a1.com\\\/#website\"},\"primaryImageOfPage\":{\"@id\":\"https:\\\/\\\/a1.com\\\/de\\\/project\\\/menschenrechte\\\/#primaryimage\"},\"image\":{\"@id\":\"https:\\\/\\\/a1.com\\\/de\\\/project\\\/menschenrechte\\\/#primaryimage\"},\"thumbnailUrl\":\"https:\\\/\\\/a1.com\\\/wp-content\\\/uploads\\\/sites\\\/6\\\/2023\\\/07\\\/image023.png\",\"datePublished\":\"2023-03-21T14:13:00+00:00\",\"dateModified\":\"2025-12-16T11:22:24+00:00\",\"breadcrumb\":{\"@id\":\"https:\\\/\\\/a1.com\\\/de\\\/project\\\/menschenrechte\\\/#breadcrumb\"},\"inLanguage\":\"de-DE\",\"potentialAction\":[{\"@type\":\"ReadAction\",\"target\":[\"https:\\\/\\\/a1.com\\\/de\\\/project\\\/menschenrechte\\\/\"]}]},{\"@type\":\"ImageObject\",\"inLanguage\":\"de-DE\",\"@id\":\"https:\\\/\\\/a1.com\\\/de\\\/project\\\/menschenrechte\\\/#primaryimage\",\"url\":\"https:\\\/\\\/a1.com\\\/wp-content\\\/uploads\\\/sites\\\/6\\\/2023\\\/07\\\/image023.png\",\"contentUrl\":\"https:\\\/\\\/a1.com\\\/wp-content\\\/uploads\\\/sites\\\/6\\\/2023\\\/07\\\/image023.png\",\"width\":479,\"height\":319},{\"@type\":\"BreadcrumbList\",\"@id\":\"https:\\\/\\\/a1.com\\\/de\\\/project\\\/menschenrechte\\\/#breadcrumb\",\"itemListElement\":[{\"@type\":\"ListItem\",\"position\":1,\"name\":\"Home\",\"item\":\"https:\\\/\\\/a1.com\\\/de\\\/\"},{\"@type\":\"ListItem\",\"position\":2,\"name\":\"Menschenrechte\"}]},{\"@type\":\"WebSite\",\"@id\":\"https:\\\/\\\/a1.com\\\/#website\",\"url\":\"https:\\\/\\\/a1.com\\\/\",\"name\":\"A1 Group\",\"description\":\"\",\"potentialAction\":[{\"@type\":\"SearchAction\",\"target\":{\"@type\":\"EntryPoint\",\"urlTemplate\":\"https:\\\/\\\/a1.com\\\/?s={search_term_string}\"},\"query-input\":{\"@type\":\"PropertyValueSpecification\",\"valueRequired\":true,\"valueName\":\"search_term_string\"}}],\"inLanguage\":\"de-DE\"}]}<\/script>\n<!-- \/ Yoast SEO plugin. -->","yoast_head_json":{"title":"Menschenrechte - A1 Group","robots":{"index":"index","follow":"follow","max-snippet":"max-snippet:-1","max-image-preview":"max-image-preview:large","max-video-preview":"max-video-preview:-1"},"canonical":"https:\/\/a1.com\/de\/project\/menschenrechte\/","og_locale":"de_DE","og_type":"article","og_title":"Menschenrechte - A1 Group","og_url":"https:\/\/a1.com\/de\/project\/menschenrechte\/","og_site_name":"A1 Group","article_modified_time":"2025-12-16T11:22:24+00:00","og_image":[{"width":479,"height":319,"url":"https:\/\/a1.com\/wp-content\/uploads\/sites\/6\/2023\/07\/image023.png","type":"image\/png"}],"twitter_card":"summary_large_image","twitter_misc":{"Est. reading time":"1 minute"},"schema":{"@context":"https:\/\/schema.org","@graph":[{"@type":"WebPage","@id":"https:\/\/a1.com\/de\/project\/menschenrechte\/","url":"https:\/\/a1.com\/de\/project\/menschenrechte\/","name":"Menschenrechte - A1 Group","isPartOf":{"@id":"https:\/\/a1.com\/#website"},"primaryImageOfPage":{"@id":"https:\/\/a1.com\/de\/project\/menschenrechte\/#primaryimage"},"image":{"@id":"https:\/\/a1.com\/de\/project\/menschenrechte\/#primaryimage"},"thumbnailUrl":"https:\/\/a1.com\/wp-content\/uploads\/sites\/6\/2023\/07\/image023.png","datePublished":"2023-03-21T14:13:00+00:00","dateModified":"2025-12-16T11:22:24+00:00","breadcrumb":{"@id":"https:\/\/a1.com\/de\/project\/menschenrechte\/#breadcrumb"},"inLanguage":"de-DE","potentialAction":[{"@type":"ReadAction","target":["https:\/\/a1.com\/de\/project\/menschenrechte\/"]}]},{"@type":"ImageObject","inLanguage":"de-DE","@id":"https:\/\/a1.com\/de\/project\/menschenrechte\/#primaryimage","url":"https:\/\/a1.com\/wp-content\/uploads\/sites\/6\/2023\/07\/image023.png","contentUrl":"https:\/\/a1.com\/wp-content\/uploads\/sites\/6\/2023\/07\/image023.png","width":479,"height":319},{"@type":"BreadcrumbList","@id":"https:\/\/a1.com\/de\/project\/menschenrechte\/#breadcrumb","itemListElement":[{"@type":"ListItem","position":1,"name":"Home","item":"https:\/\/a1.com\/de\/"},{"@type":"ListItem","position":2,"name":"Menschenrechte"}]},{"@type":"WebSite","@id":"https:\/\/a1.com\/#website","url":"https:\/\/a1.com\/","name":"A1 Group","description":"","potentialAction":[{"@type":"SearchAction","target":{"@type":"EntryPoint","urlTemplate":"https:\/\/a1.com\/?s={search_term_string}"},"query-input":{"@type":"PropertyValueSpecification","valueRequired":true,"valueName":"search_term_string"}}],"inLanguage":"de-DE"}]}},"_links":{"self":[{"href":"https:\/\/a1.com\/de\/wp-json\/wp\/v2\/projects\/6955","targetHints":{"allow":["GET"]}}],"collection":[{"href":"https:\/\/a1.com\/de\/wp-json\/wp\/v2\/projects"}],"about":[{"href":"https:\/\/a1.com\/de\/wp-json\/wp\/v2\/types\/project-type"}],"author":[{"embeddable":true,"href":"https:\/\/a1.com\/de\/wp-json\/wp\/v2\/users\/3"}],"version-history":[{"count":7,"href":"https:\/\/a1.com\/de\/wp-json\/wp\/v2\/projects\/6955\/revisions"}],"predecessor-version":[{"id":16930,"href":"https:\/\/a1.com\/de\/wp-json\/wp\/v2\/projects\/6955\/revisions\/16930"}],"wp:featuredmedia":[{"embeddable":true,"href":"https:\/\/a1.com\/de\/wp-json\/wp\/v2\/media\/6537"}],"wp:attachment":[{"href":"https:\/\/a1.com\/de\/wp-json\/wp\/v2\/media?parent=6955"}],"wp:term":[{"taxonomy":"category","embeddable":true,"href":"https:\/\/a1.com\/de\/wp-json\/wp\/v2\/categories?post=6955"},{"taxonomy":"department","embeddable":true,"href":"https:\/\/a1.com\/de\/wp-json\/wp\/v2\/departments?post=6955"},{"taxonomy":"province","embeddable":true,"href":"https:\/\/a1.com\/de\/wp-json\/wp\/v2\/provinces?post=6955"},{"taxonomy":"postcode","embeddable":true,"href":"https:\/\/a1.com\/de\/wp-json\/wp\/v2\/postcodes?post=6955"}],"curies":[{"name":"wp","href":"https:\/\/api.w.org\/{rel}","templated":true}]}}

<div class="block-hero-image block-hero-image__size--large">
	<div class="image-wrap block-hero-image__image-wrap" data-align="top center">

			<div
			style="background-image:url(https://a1.com/wp-content/uploads/sites/6/2023/07/JOSEF00675-scaled.jpg)"
			class="image image--bg image__rounded-corners--none block-hero-image__image">
		</div>
	
	</div></div>


<div
	class="wrapper wrapper__bg-color--white wrapper__spacing-top-large--50 wrapper__spacing-bottom-large--40       wrapper__border-color-large--primary wrapper__border-size-large--none"
	>

	
			<div class="wrapper__container wrapper__container-width-large--default wrapper__gutter-desktop--default wrapper__gutter-tablet--small">
			<div class="wrapper__inner wrapper__width-large--10 wrapper__offset-large--1">
				<div class='block-breadcrumbs'><a href='https://a1.com/de/' class='block-breadcrumbs__home' aria-label='Home link'></a><span><a class="block-breadcrumbs__link" href=" https://a1.com/de/ ">Home</a></span></div>			</div>
		</div>
	</div>


<div
	class="wrapper wrapper__bg-color--white  wrapper__spacing-bottom-large--40       wrapper__border-color-large--primary wrapper__border-size-large--none"
	>

	
			<div class="wrapper__container wrapper__container-width-large--default wrapper__gutter-desktop--default wrapper__gutter-tablet--small">
			<div class="wrapper__inner wrapper__width-large--10 wrapper__offset-large--1">
				<h2 class="heading heading__color--black heading__size--large heading__align--left heading__font-family--serif heading__font-weight--bold block-heading__heading">
	<strong><strong><strong>Menschenrechte</strong></strong></strong></h2>			</div>
		</div>
	</div>


<div
	class="wrapper wrapper__bg-color--white  wrapper__spacing-bottom-large--40  wrapper__spacing-bottom-in-large--120     wrapper__border-color-large--primary wrapper__border-size-large--none"
	>

	
			<div class="wrapper__container wrapper__container-width-large--default wrapper__gutter-desktop--default wrapper__gutter-tablet--small">
			<div class="wrapper__inner wrapper__width-large--8 wrapper__offset-large--1">
				<p class="paragraph paragraph__color--black paragraph__size--default paragraph__align--left paragraph__font-family--sans block-paragraph__paragraph">
	Mit dem Beitritt zum UN Global Compact verpflichtet sich die A1 Group zur Umsetzung grundlegender Anforderungen in den Bereichen Menschenrechte, Arbeit, Umwelt und Korruptionsbekämpfung. Dieses Bekenntnis wurde unter anderem durch die Aufnahme in die Geschäftsbedingungen der österreichischen Tochtergesellschaft anerkannt. In einigen Ländern, in denen die A1 Group tätig ist, kann es aufgrund nationaler Gesetze schwierig sein, die absolute Einhaltung der Menschenrechte zu gewährleisten. Wo nationales Recht vom Bekenntnis der A1 Group zu den Menschenrechten abweicht und einen niedrigeren Standard vorgibt, ist die Gruppe stets bemüht, den höheren Standard zu erreichen, wobei das Wohlergehen der Mitarbeiter:Innen oberste Priorität hat. Im Konfliktfall wendet die A1 Group nationales Recht an und versucht gleichzeitig, der Verpflichtung zur Achtung der Menschenrechte so weit wie möglich nachzukommen.<br> <br>Menschenrechtsbeschwerden können über die Compliance-Whistleblowing-Plattform „<a href="https://www.bkms-system.net/bkwebanon/report/clientInfo?cin=20teleau21&amp;c=-1&amp;language=ger" target="_blank" rel="noreferrer noopener">tell.me Portal</a>“– wenn gewünscht auch anonym – eingereicht werden und werden im Rahmen von Compliance-Prozessen sorgfältig bearbeitet.<br><br>Lesen Sie mehr dazu in unserer <a href="https://a1.com/wp-content/uploads/sites/6/2025/09/Human-Rights-Policy_August-2025-EN.pdf" target="_blank" rel="noreferrer noopener">Human Rights Policy</a>.</p>			</div>
		</div>
	</div>
